10181851
List the prime factors of 440768921.
3037, 145133
What are the prime factors of 98071315?
5, 19614263
What are the prime factors of 203209527?
3, 2729, 24821
List the prime factors of 26465651.
17, 19, 81937
What are the prime factors of 243161662?
2, 121580831
What are the prime factors of 115339982?
2, 3917, 14723
What are the prime factors of 4923112?
2, 615389
List the prime factors of 76705028.
2, 19176257
List the prime factors of 95446272.
2, 3, 19, 31, 211
List the prime factors of 173832040.
2, 5, 4345801
What are the prime factors of 33091781?
409, 80909
List the prime factors of 175596898.
2, 19, 243209
What are the prime factors of 1397906620?
2, 5, 11, 37, 171733
What are the prime factors of 504094788?
2, 3, 137, 179, 571
List the prime factors of 39075298.
2, 23, 281, 3023
List the prime factors of 871192842.
2, 3, 13, 3119, 3581
List the prime factors of 2411316635.
5, 7, 13, 17, 257, 1213
List the prime factors of 949295138.
2, 11, 19, 2271041
List the prime factors of 1622276832.
2, 3, 11, 83, 223
What are the prime factors of 55586560?
2, 5, 43427
What are the prime factors of 3326673?
3, 7, 157, 1009
List the prime factors of 1545455929.
911, 1696439
What are the prime factors of 1916406328?
2, 17, 14091223
What are the prime factors of 82663973?
7, 233, 50683
What are the prime factors of 32641136?
2, 11, 191, 971
What are the prime factors of 570596712?
2, 3, 7, 1489, 2281
List the prime factors of 5183437197.
3, 73, 23668663
What are the prime factors of 1841958599?
13, 1061, 133543
List the prime factors of 1138351633.
6373, 178621
What are the prime factors of 991544258?
2, 495772129
What are the prime factors of 397067992?
2, 49633499
What are the prime factors of 1689449427?
3, 293, 213557
List the prime factors of 63835753.
63835753
What are the prime factors of 79475650?
2, 5, 1589513
What are the prime factors of 5352987661?
7, 179, 313, 13649
What are the prime factors of 101492947?
2099, 48353
What are the prime factors of 640207359?
3, 11, 167, 38723
List the prime factors of 2272833624.
2, 3, 733, 129197
What are the prime factors of 167619620?
2, 5, 7, 37, 32359
What are the prime factors of 946057649?
946057649
What are the prime factors of 255598719?
3, 85199573
What are the prime factors of 659267539?
7, 787, 119671
List the prime factors of 5506466.
2, 7, 19, 127, 163
What are the prime factors of 3555004756?
2, 888751189
What are the prime factors of 42596351?
7, 6085193
List the prime factors of 6265065425.
5, 250602617
What are the prime factors of 3447184474?
2, 71, 239, 101573
List the prime factors of 655975789.
7, 79, 97, 1747
List the prime factors of 52580550.
2, 3, 5, 11, 2897
List the prime factors of 2107495947.
3, 1187, 591827
List the prime factors of 46698655.
5, 103, 90677
List the prime factors of 511039927.
443, 1153589
List the prime factors of 20014651.
43, 103, 4519
What are the prime factors of 1360851598?
2, 17, 953, 41999
List the prime factors of 42003233.
31, 1354943
List the prime factors of 127570782.
2, 3, 21261797
What are the prime factors of 81635068?
2, 101, 202067
What are the prime factors of 248153107?
248153107
List the prime factors of 442337107.
1289, 343163
List the prime factors of 1345498891.
11, 67, 379, 4817
What are the prime factors of 77947148?
2, 19486787
List the prime factors of 982060644.
2, 3, 81838387
List the prime factors of 660933453.
3, 1259, 174989
What are the prime factors of 4673217738?
2, 3, 7, 103, 1080263
What are the prime factors of 123924593?
13, 19, 501719
List the prime factors of 38121921.
3, 29, 16229
What are the prime factors of 36426488?
2, 7, 31, 20983
What are the prime factors of 1070258543?
19, 29, 1301, 1493
What are the prime factors of 12631378?
2, 2377, 2657
List the prime factors of 448673253.
3, 7, 103, 29633
List the prime factors of 275953899.
3, 13, 7075741
What are the prime factors of 51686585?
5, 1373, 7529
What are the prime factors of 583751517?
3, 61, 3189899
What are the prime factors of 84798819?
3, 7, 347, 431
What are the prime factors of 1829880444?
2, 3, 7, 71, 306821
List the prime factors of 3288100600.
2, 5, 139, 118277
What are the prime factors of 33870113?
173, 195781
What are the prime factors of 17038087?
11, 1548917
List the prime factors of 45874229.
45874229
What are the prime factors of 2082753139?
1459, 1427521
List the prime factors of 28952162.
2, 19, 191, 3989
What are the prime factors of 4230608954?
2, 11, 13, 241, 61379
List the prime factors of 3264570069.
3, 2719, 400217
List the prime factors of 113024751.
3, 7, 37, 145463
What are the prime factors of 55152371?
55152371
List the prime factors of 938778.
2, 3, 47, 3329
What are the prime factors of 2575247804?
2, 37, 470279
What are the prime factors of 828032360?
2, 5, 29, 113, 6317
What are the prime factors of 5344934018?
2, 59, 45296051
What are the prime factors of 2104734354?
2, 3, 47, 101, 73897
What are the prime factors of 176637144?
2, 3, 29, 253789
List the prime factors of 49098311.
49098311
List the prime factors of 321313931.
43, 53, 140989
List the prime factors of 1550965540.
2, 5, 4789, 16193
What are the prime factors of 206042256?
2, 3, 7, 29201
What are the prime factors of 1148378101?
13, 17, 5196281
What are the prime factors of 151195949?
37, 4086377
List the prime factors of 4402772462.
2, 11, 163, 983, 1249
What are the prime factors of 2276548865?
5, 29, 137, 114601
List the prime factors of 597480103.
11, 3767, 14419
What are the prime factors of 3740127423?
3, 503, 2478547
What are the prime factors of 123164085?
3, 5, 11, 31, 199
What are the prime factors of 20344579?
20344579
What are the prime factors of 961802937?
3, 23, 67339
What are the prime factors of 68446996?
2, 17111749
What are the prime factors of 156651790?
2, 5, 15665179
What are the prime factors of 815019000?
2, 3, 5, 107, 2539
What are the prime factors of 3397184308?
2, 7, 17332573
What are the prime factors of 1359492030?
2, 3, 5, 13, 769, 1511
List the prime factors of 79836837.
3, 26612279
What are the prime factors of 368532426?
2, 3, 17, 53, 68171
What are the prime factors of 37279055?
5, 11, 149, 4549
List the prime factors of 276544682.
2, 59, 193, 12143
List the prime factors of 57611571.
3, 2017, 9521
What are the prime factors of 437018755?
5, 311, 463, 607
List the prime factors of 907097678.
2, 1109, 408971
List the prime factors of 62442977.
281, 317, 701
What are the prime factors of 340096589?
7, 43, 1129889
What are the prime factors of 6223375?
5, 49787
List the prime factors of 3001396844.
2, 750349211
List the prime factors of 142433121.
3, 47477707
List the prime factors of 2866636.
2, 716659
What are the prime factors of 204320417?
7, 397, 73523
What are the prime factors of 527725370?
2, 5, 137, 151, 2551
What are the prime factors of 65081723?
7, 67, 193, 719
What are the prime factors of 158393900?
2, 5, 7, 71, 3187
List the prime factors of 105602836.
2, 19, 1389511
What are the prime factors of 243314860?
2, 5, 12165743
What are the prime factors of 354699831?
3, 5717, 20681
What are the prime factors of 1920783406?
2, 23, 79, 528559
What are the prime factors of 709686279?
3, 59, 148501
What are the prime factors of 13049906?
2, 6524953
What are the prime factors of 1627085612?
2, 73, 5572211
What are the prime factors of 4816972178?
2, 151, 15950239
What are the prime factors of 319512412?
2, 23, 31, 112031
What are the prime factors of 3613024867?
151, 1487, 16091
List the prime factors of 239866848.
2, 3, 13, 64067
What are the prime factors of 734733460?
2, 5, 36736673
What are the prime factors of 84603197?
7, 12086171
What are the prime factors of 544237196?
2, 136059299
List the prime factors of 8273152.
2, 17, 1901
What are the prime factors of 1054778695?
5, 59, 3575521
What are the prime factors of 1376910259?
19, 181, 400381
What are the prime factors of 510939742?
2, 255469871
List the prime factors of 273771252.
2, 3, 29, 29137
List the prime factors of 217560458.
2, 17, 1279, 5003
What are the prime factors of 54706886?
2, 13, 2104111
What are the prime factors of 293258341?
293258341
List the prime factors of 1730279676.
2, 3, 144189973
List the prime factors of 27989310.
2, 3, 5, 1